c - 192684 = 0. What is the tens digit of c?
1
Let q = 1108 + -1949. What is the tens digit of 5 - (q - 8) - 6?
4
Suppose 273 - 825 = -4*b. Let n = b - 251. Let r = 163 + n. What is the units digit of r?
0
What is the hundreds digit of (3 - 18687/9)*(-1827)/348?
8
Let o = -2014 - -2398. What is the tens digit of o?
8
Let z(c) = 45*c - 18. Let q(d) = -15*d + 6. Let o(a) = 14*q(a) + 4*z(a). What is the tens digit of o(-8)?
5
Let o(j) = -6*j**2 + 7*j - 11. Let b be o(7). Let y = b + 543. What is the hundreds digit of y?
2
Let s = 38711 - 26070. What is the units digit of s?
1
Let z(s) = -s**3 - 7*s**2 - 4*s + 4. Let q be z(-5). What is the hundreds digit of (-2340)/(-27)*(1 - q/4)?
6
Suppose -3*d = 2*g + 3790 - 39095, -3*d + 35365 = -13*g. What is the thousands digit of d?
1
Suppose -14*r + 15*r = 2. Suppose 4*f = -r*t + 110, 10*t - 5*t = f - 33. What is the tens digit of f?
2
Suppose -1700 = -3*s + 91. Suppose -m + 222 = s. What is the tens digit of (-9)/36 - m/12?
3
Let o(s) = -331*s - 5. Let w = 15 - 16. What is the hundreds digit of o(w)?
3
Suppose -3*m - 3*j + 4*j = 160, j = -m - 56. What is the tens digit of (-12)/m + 1964*(-28)/(-72)?
6
Let c be (-18)/21 + 4160/35. Let x = -26 + c. What is the tens digit of x?
9
Suppose 5 - 1 = l. Suppose -58 = l*w - 3*w. Let p = w + 110. What is the tens digit of p?
5
Let s(y) = -y**2 + 6. Let l be s(2). Suppose -3*g - l*c = -121, 0 = -4*g + 5*c + 277 - 85. What is the tens digit of g?
4
Suppose 2*i - 2*d - 4 = 0, -d - 5 = -6. Let b be -45 - (15/i + 0). What is the units digit of (-40)/1*b/20?
0
Let s(o) = -2*o + 23. Let m be s(9). Suppose -2*p = -m*v + 2810, -3*p + 540 = v + p. What is the units digit of v?
0
Let g be 9*3/(-6) + 5/10. Let v(q) = -q**2 - 3*q + 7. Let l be v(g). Suppose 70 - 256 = -l*a. What is the tens digit of a?
6
Let t(y) = 13833*y**2 + 68*y - 137. What is the units digit of t(2)?
1
Let k = 4004 - -10445. What is the ten thousands digit of k?
1
Let h be -6 - -2*(3 - 1). What is the units digit of 4/h*(-1516)/4?
8
Let h = 38608 - 25821. What is the ten thousands digit of h?
1
Let b(f) = -11*f**2 - 15*f + 8. Let s be b(6). Let l = -249 - s. What is the units digit of l?
9
Suppose -4*o + 12 = 2*o. What is the tens digit of (1 - (-117)/27)*15/o?
4
Suppose n + 5 = 4*r, -4*n + 9*n = -25. Suppose 6*b - 8*b + 822 = r. What is the hundreds digit of b?
4
Let i(f) = -308*f - 1. What is the thousands digit of i(-20)?
6
Let h(k) = 15602*k + 1248. What is the hundreds digit of h(2)?
4
Suppose 5*l = 3*w - 14290, 4*w - 64*l - 19065 = -59*l. What is the hundreds digit of w?
7
Let u be (27/(-6))/((-3)/270*-3). Let o = u + 137. What is the units digit of (-189)/o*(0 + 2)*-1?
9
Suppose 989 = 4*g + 13485. Let n = g + 5263. Suppose -n = -13*a + 799. What is the units digit of a?
6
Let g(v) = -v**2 - 2*v. Let l be g(0). Suppose l = -f + 5*a + 722, f - 197 = -a + 513. What is the tens digit of f?
1
Let l = -102883 - -144796. What is the hundreds digit of l?
9
Let o be ((-20)/8)/((-10)/8). Let v(w) = -8*w + 8*w**2 - 25 - 7*w - 9*w**o - w. What is the units digit of v(-14)?
3
Let s(r) = -r + 46. Let d be s(41). Suppose -5*g - 964 = -p, -d*p - 3*g = -8*p + 2940. What is the units digit of p?
4
What is the thousands digit of (29 - 10)/(11/5049)?
8
Let n(z) = 4*z**2 + 21*z - 62. Let h be n(-12). Let r = 361 + h. What is the hundreds digit of r?
6
Let t(s) be the third derivative of 35*s**4/8 - 59*s**3/6 + 77*s**2. What is the tens digit of t(10)?
9
Let j(i) = -3*i**2 - 4*i - 4. Let o be j(7). Let t = o - -308. What is the tens digit of t?
2
Suppose 3*j + 5*n = 0, 0*n = 5*n. Suppose -293*d + 295*d - 376 = j. What is the units digit of d?
8
What is the hundreds digit of -4 + -2 + 3024 + 3*(-8)/12?
0
Let j(w) = 10*w + 57. Let h be j(-6). Let u(o) = 81*o**2 - 22*o - 61. What is the units digit of u(h)?
4
Let s(d) = -12*d + 96. Let f = -45 + 32. What is the units digit of s(f)?
2
Suppose 24*o - 12 - 36 = 0. Suppose 0 = 4*y - 3*m - 4053, -4*y + o*m = -2*m - 4048. What is the tens digit of y?
1
What is the units digit of (3119799/(-963))/((-1)/3)?
9
Suppose -18*b = -21583 + 3979. Let h = b + -773. What is the hundreds digit of h?
2
Let v(g) = -811*g + 4161. What is the hundreds digit of v(-38)?
9
Suppose 37*h + 5*h + 242 + 766 = 0. Suppose -52 = 5*x + 18. What is the units digit of 180/h*x/3?
5
What is the tens digit of (3/6)/((-43)/(-541026))?
9
Let d = -21 - -57. Suppose 3*p - 6 = 2*o, -2*o + 39*p = 44*p - 26. Let s = d - o. What is the units digit of s?
3
Suppose 0*v + 4*h - 34 = -v, v + 5*h = 38. What is the hundreds digit of 2/(36/5846) + 4/v?
3
Suppose 3*g - 58802 = -2*y, 41*g - y - 19599 = 40*g. What is the thousands digit of g?
9
Suppose 1487 - 137 = 10*n. Suppose -411 = -4*j + 3*u - n, 3*j + u - 194 = 0. What is the tens digit of j?
6
Suppose 10*j + 4 = 6*j. Let f be (4 + j)*30/18. Suppose 0 = -3*r + f*l + 68, 4*r - 2*l - 68 = -l. What is the units digit of r?
6
Suppose 3*x = -j + 5581, -115*x = -2*j - 106*x + 11162. What is the thousands digit of j?
5
Let b(c) = -c**2 - 18*c - 41370. Let p be b(0). What is the units digit of (-18)/(-10)*p/(-126)?
1
Let z be -4 + 5 - (-12)/3. Let o be ((-2)/4)/(z/(-40)). Suppose -o*k + 470 = 2*m + k, -5*k + 235 = m. What is the hundreds digit of m?
2
Let w(j) = -4387*j + 545. What is the tens digit of w(-7)?
5
Let c(k) = 34*k**2 + k - 26. Let o be c(4). Let y = -327 + o. What is the units digit of y?
5
Let k be (28 - 25 - -6) + 2*1. Let f(j) be the third derivative of j**5/60 - j**4/3 - 7*j**3/2 + j**2. What is the tens digit of f(k)?
1
Suppose -50*r = -56*r - 36. Let y(t) = -3*t**3 - 3*t**2 - 2*t - 30. What is the tens digit of y(r)?
2
Let r(z) = -z**3 + 18*z**2 + 43*z - 53. Let y be r(20). Suppose -y*n - 7530 = -17*n. What is the tens digit of n?
5
Let k be 574/(-21) - 4/6. Let i = k + 36. What is the hundreds digit of 4/i - 1156/(-8)?
1
Suppose 8*a + 7643 = 36123. What is the thousands digit of a?
3
Suppose -27*u + 28*u = x + 7343, x + 4 = 0. What is the tens digit of u?
3
Suppose -x + 4*x = 4*f, 5*f - 2*x - 7 = 0. Suppose 589 = f*h + 1963. Let k = h + 667. What is the units digit of k?
9
Let t(s) = s + 132. Let y(x) = -x**3 + 13*x**2 + 14*x. Let h be y(14). Let n be t(h). Suppose 7*g - n = 4*g. What is the tens digit of g?
4
Let t(y) = 5*y**2 - 46*y + 539. What is the hundreds digit of t(28)?
1
Let j = -1966 + 3408. Suppose -5*i + j = 3*h, -4*i - 9 = -1. Suppose 4*m + 0*m = h. What is the hundreds digit of m?
1
Let o = 9803 + -3531. What is the units digit of o?
2
Let z be ((-30)/(-4))/((30/8)/(-5)). What is the units digit of ((-42)/(-5) + z/25)*41?
8
Suppose 0 = 14*i - 14 + 98. Let p(n) = -12*n - 68. Let o be p(i). Suppose -o*r + 50 = -5*w - 34, -12 = 3*w. What is the tens digit of r?
1
Let y = -50 + 8. Let c = y - -53. What is the units digit of c?
1
Let i(o) = -3*o**3 - 50*o**2 + 3*o - 30. Let n be i(-17). Suppose -n + 2635 = 3*d. What is the tens digit of d?
0
Let j(o) = -27*o**2 + 29*o - 4. Let d(i) = -53*i**2 + 51*i - 7. Let l(h) = -4*d(h) + 7*j(h). Let y = 6 + -4. What is the tens digit of l(y)?
9
Let g be (-14)/(-77) + (-13)/(-22)*746. Let x be ((-8)/(-3))/(14/g). Let b = 225 - x. What is the units digit of b?
1
Let x(n) = n**2 - 28*n - 26. Let t be x(29). What is the units digit of ((-36)/t)/((-65)/10 - -5)?
8
Suppose n + 6*o - 2*o = -34, -2*n = 2*o + 62. Suppose 208 = 6*p - 920. Let y = n + p. What is the units digit of y?
8
Let c(x) = -2*x + 62. Let n(b) = 5*b + 49. Let h be n(-11). Let d be c(h). Let v = d - -30. What is the hundreds digit of v?
1
Let o = 154 - 167. Let s = o - -88. What is the tens digit of s?
7
Suppose -3*p = 2*g - 51, -4*g + 3*p = 6*p - 87. Let m be 4/(4 - g/4) - 0. What is the units digit of 7*m/28*-23?
6
What is the ten thousands digit of 13749 - (1 - (-7 - -3))?
1
Let f(p) = 305*p + 661. What is the thousands digit of f(21)?
7
Suppose 2*i = -4*c, 0 = -3*c - i - 3*i. What is the hundreds digit of 9*(c - (-4 + (-365)/15))?
2
Let m = -61603 - -112166. What is the thousands digit of m?
0
Let l(p) = 7*p**2 - p - 1. Let f be l(-1). Suppose f*z = 3*z + 396. Suppose -3*b + 3*m + 387 = z, 3*m - 12 = 0. What is the units digit of b?
0
Let c = 8351 - 372. Let r = c + -4529. What is the units digit of (-1)/(-6) + r/36 - -2?
8
Suppose 4*n - 3*b + 